3 - 5)) + 0?
-31
Evaluate 95 - (-81 + 147 + 8).
21
What is (-7 - 6) + (93 + -37 - 43)?
0
Calculate 10 - (-3 - -7 - -9) - (0 + 8).
-11
Evaluate -175 + 164 + (-6 - (-10 - (-2 + 133))).
124
Evaluate (0 - 1 - 6) + 11 + -14.
-10
What is the value of (-18 - (-2 + -18)) + -1 + -32?
-31
What is -5 - (-33 - -7 - -33) - (1 + 23)?
-36
What is the value of (393 - 317) + (-2 - 1) + (-34 - -24)?
63
Evaluate -18 + 56 - 10 - 61.
-33
What is (-24 - ((-21 - -20) + -15)) + (-35 - 1)?
-44
Calculate (-43 - -53) + 5 + 31 + 4 + -1.
49
-5992 + 5963 + (-2 - -2 - -57)
28
Evaluate -16 - (-7 + (7 - -21) + -16).
-21
-20 + -1 + (-176 - -46 - -116)
-35
-3658 + 3701 + (-7 - (0 + 1 + 4))
31
What is -73 + (3 + -12 - (-13 + (10 - 2) - 3))?
-74
(9 - (5 + -49)) + (-22 - -7 - -6)
44
Calculate (2 - 11) + 24 + -36 + 19.
-2
Evaluate -19 + -3 + (-1 + -5 - -13) + 4.
-11
Calculate -18 + 16 + (-20 - 16) + -5.
-43
Calculate -1 - (-1 + 2) - (-81 + (-15 - -34)).
60
69 + (-5 - (12 + -44)) + (5 - 12)
89
What is (25 - (2 + 4)) + 141 + -139?
21
Calculate -4 + -6 + (13 - (15 - -3)).
-15
What is (23 - (-17 - (24 - 41)) - 9) + -112?
-98
Calculate (-148 - -161) + -3 + -10 + 3 + -15.
-12
Calculate 3 + (-6 - (-1 + -2) - 0 - (436 + -442)).
6
Evaluate -2473 - -2469 - ((-1 - -1) + 9) - 41.
-54
What is the value of 46 - 0 - (2076 + -2019)?
-11
Calculate 85 - 0 - (-19 - (-26 - (-27 - -21))).
84
Evaluate -3 - ((119 - 100) + (3 - 30) + 0 + 79).
-74
(186 - (6 + 102)) + 7
85
What is (67 - ((4 - 11) + 16)) + -15 + -18?
25
Calculate (-13 + -26 - -19) + (6 - 6).
-20
Evaluate (-15 - -1) + (-63 - 66) + 120.
-23
What is (29 - (23 + -13 - -5)) + -2 - (0 - 8)?
20
What is -9 + 0 + (39 - (-10 + 56 - 7)) - 88?
-97
Calculate 4 + 5 + 1 - (7 + 4) - 9.
-10
Calculate (92 - ((65 - 29) + -20)) + -4.
72
(-71 + 2 - (-173 - -167)) + -5
-68
10 - -33 - (37 + 44 + -100)
62
What is 192 + -208 + (-6 - -22) + 4 + -1?
3
What is the value of 48 - 35 - (13 + -14 + 3)?
11
What is the value of -10 + 14 - 13 - (13 + 45 - -13)?
-80
2545 + -2579 + 13 + 2
-19
What is -36 - -6 - (683 + -750)?
37
What is 3974 - 4021 - (-63 - -1)?
15
Evaluate 80 - 31 - (248 + -146).
-53
What is 46 - (-73 + 152 - 72)?
39
What is the value of -8 + (37 - 39) + 65 + 5?
60
Evaluate (-29 + 17 - (-6 - -7) - -15) + 21 + 2.
25
What is -18 - (24 + -21 - 69)?
48
Calculate (-42 - 41) + 34 + -13 + 42.
-20
(-9 + 16 - -70 - (3 + 5)) + 2 - 12
59
Evaluate (-140 - -125) + 92 + 13.
90
What is the value of -31 + 1 - (-466 + 469)?
-33
(-21 - -10 - -19) + (2 + -7 - (21 - 58))
40
Evaluate (-3 - (14 + -7)) + 48 - (3 - 2 - -3).
34
(-24 - (37 + -39 + 6)) + -12
-40
12 + ((-8 - 2) + 0 - -3) + 9 - 0
14
What is the value of 4 + 6 + -6 + (1 - (3 + 10))?
-8
Evaluate (295 - 200) + -108 + (0 - (0 + 7)).
-20
What is (32 + 30 - 28) + -30 + (-46 - (-1 + 0))?
-41
What is the value of 68 - 92 - (-27 - -11)?
-8
1 - -35 - (12156 + -12231)
111
-24 + -1 - (824 - 789) - -28
-32
What is the value of 0 + 26 - (0 + 12 + (6 - 2))?
10
Evaluate -7 + 15 + -23 + -9 + 14 + 0 + 105.
95
What is ((-1 - -1 - -3) + -342 + 338 - -24) + 8?
31
What is 37 + (1 + 8 - 7 - (30 + -26))?
35
Calculate (-3 - 38) + -92 + 102 + -2 + -6 + -3.
-42
Calculate 16 + -19 + (3 - -12 - 6) + -8.
-2
Evaluate (15 - ((26 - 7) + 7)) + (-1 - -16).
4
What is the value of -126 + -1 + 0 + (-10840 - -10872)?
-95
23 + -36 + 10 + (-2 - 24) - 9
-38
What is -18 - ((-2 - -2) + -1 + -351 + 357) - 9?
-32
Evaluate (35 - 27) + (-23 - 20).
-35
Evaluate 17 - (-58 - -56 - (-36 + 7)).
-10
Calculate (-11 + 5 - -5 - -15) + 6.
20
Evaluate (580 - 580 - (6 + -2 + 2)) + -7.
-13
What is -33 - 10 - -62 - (2 + 70)?
-53
What is -45 + 66 + -26 + 52?
47
-6 + (-11 - -26) - (5 - 15)
19
What is the value of -209 - -169 - (-6 + -7) - -41?
14
Calculate (10 + 0 - (-14 - -14) - 0 - 42) + 10.
-22
Calculate 1 + -1 - (71 - 8) - (-60 - (-52 + -15)).
-70
47 + (1 - 18) - 47 - (25 - -1)
-43
What is the value of 18 - (31 - (-51 - -48))?
-16
Calculate -72 - ((-8 - (3 + -49)) + 3).
-113
What is the value of 238 + -242 + (-1 - -2 - 67) - -2?
-68
Evaluate -90 + 4 + (-22 - (-7 - -1)) + 4 + 7.
-91
Evaluate (26 - (41 + -54)) + -56 - -170.
153
What is -28 - -12 - -4 - (16 + 12 + -8)?
-32
What is (39 + (0 - 15) - 12) + (-52 - (1 + -1))?
-40
Calculate 4 + 11 + (-39 + 32 - 0).
8
What is (28 - 52) + -4 + 18 + -15?
-25
Calculate (543 - 561) + -3 + 9 - (-1 + 13).
-24
What is -65 - (-52 + 66 + -47)?
-32
Evaluate 64 + 60 + -101 + -99.
-76
What is -6 + -35 + -3 + (-2 - -12) + -9 + 3?
-40
Evaluate 7 - (10 - 11 - -12 - -7) - 71.
-82
What is the value of -11 + 28 - ((10 - 9) + 6 - -3)?
7
-7 + 176 + -76 + -39
54
-1909 + 2015 + (8 - 72)
42
Calculate -4 + -12 + (-4 - -5) + 12 - 41.
-44
4 + -22 + 107 + (-7 - (1 - 0))
81
(6 - 3) + 2 + 7 - 2 - (-25 + -15)
50
(-54 - -42) + 7 + -16 + (-1 - -6)
-16
What is (3 - 4) + 2 - -13 - (-918 + 854)?
78
Calculate 7 + -32 + 6 - (22 + (-15 - 14) + 19).
-31
(-91 - -90) + -11 + -6 + -18
-36
20 + 1 - (115 - (-140 - -227))
-7
54 - -26 - (102 + 27)
-49
Calculate 0 + 18 - (-276 + 237).
57
Calculate -86 + 55 - (-4 - (15 - -10)).
-2
What is the value of -55 + (-19 - -5 - (-13 + 35 - 38))?
-53
84 + (41 - 101 - -38)
62
Calculate -52 + 148 - -8 - 31.
73
Calculate (24 - -18) + -42 + (-6 - 2) + 9.
1
-10 + (-6 - (8 + -15 - 9)) + -2 + -43
-45
Calculate 3 + 5 + 0 - (-92 - -40 - -64).
-4
What is the value of 1 - -4 - (-15 + 17) - ((-24 - 4) + -14)?
45
11 - (-5 - (-2 - 12 - -5 - -13))
20
-3 + (5 - 0 - (22 + -23 + 5))
-2
What is 55 + 5 + -267 + 131?
-76
(17 - (1 - (4 - (0 + 13)))) + (49 - 2)
54
What is 47 + -2 + 1132 + -1155?
22
Evaluate (-4 - (23 + -8 + -9)) + -109.
-119
What is the value of -24 + 16 + -1 - (-36 - (-3 - -7)) - 7?
24
What is the value of 1 - -53 - (1280 - 1252)?
26
What is the value of 82 + (-30 - 79 - -7)?
-20
Calculate 81 + -27 - 45 - (0 + 47 + -1).
-37
Calculate 21 + 4 + -1 + 15 + 29 + -56.
12
Evaluate (-115 - -209) + -56 + 33.
71
Calculate 43 + -2 + -7 + (4 - 14) + (53 - 53).
24
-55 + 4 - (-1241 - -1235)
-45
What is the value of (48 + -6 - 2) + 0 - (-6 - -29 - 17)?
34
Calculate 0 + 2 + -257 + 198 + 34.
-23
-14 - ((135 - 64) + -2 + (4 - 10))
-77
(2 - 2) + 9 - ((47 + -68 - -23) + -56)
63
What is the value of (10 - (16 + 1) - 21) + 12?
-16
What is 33 + 1 + (-20 - (-42 + 0 - (37 - 56)))?
37
Calculate -14 + 7 + -5 + (4 - 6 - 57) + 2.
-69
What is -14 + -9 - -8 - (-3 + 3 + 8) - -4?
-19
Calculate (36 - 107) + (6 - -21).
-44
What is the value of ((7 - 21) + 19 - -17) + -1?
21
Calculate 11 - ((-47 - -137) + -51).
-28
What is 11 + -66 + -17 + 75?
3
What is the value of 21 - (-21 - (-11 + 28 + -21))?
38
Calculate 137 + -20 - (68 - -1).
48
Evaluate 7 + 2 + (-101 - ((-13 - -34 - 27) + -2)).
-84
What is 64 + 0 - (-774 - -819)?
19
Evaluate -2 - (203 - 213 - (1 + (4 - (43 - 1)))).
-29
What is -29 + 23 + (-44 - 2)?
-52
Calculate 0 + -75 + 1 + 4 + -10 + -1 + 13.
-68
6 - 15 - -11 - (-5 + -19)
26
Calculate 22 + -70 + 3 - -6.
-39
Evaluate 29 + -25 + (54 - 71) + (0 - -123).
110
Calculate (2 - 0) + 40 + -48 + -35.
-41
Evaluate (-13 - -18) + (18 + -23 - (-50 + (-7 - -6))).
51
What is the value of -24 + -15 - 42 - (1 + 1 - 18)?
-65
What is the value of 95 + (-110 - 66) + 79?
-2
What is 1 + -10 - (1856 - 1796)?
-69
Calculate -16 + (-4 - -8) + -5 - 12.
-29
What is the value of 4 + -12 - -14 - ((-7 - 2) + -4)?
19
14 + -96 - -29 - ((1 - 26) + 4)
-32
What is -58 - (-252 - -238 - (-12 - -1)) - -8?
-47
(329 - (-14 + 422)) + 0 + 33
-46
Calculate -17 + -1 + -2 - (-1866 - -1734).
112
Calculate (-2 + 2 - -14) + 295 + -430 + 89.
-32
What is -32 - (3 - (25 - 6))?
-16
Evaluate (-1 - (9 - -27)) + -105 + 129.
-13
Calculate (53 - 111 - -57) + (73 - -1) + -17.
56
What is the value of (-437 - -443) + -1 + 28 + (2 - 10)?
25
What is the value of -11 - (-22 + (104 - (22 + -48)) - (11 - 0))?
-108
What is the value of 50 - 34 - -60 - (7 - 9)?
78
49 - (9 + -2 + -280 + 293 - 9)
38
-18 + -54 - ((5 - 24) + 6)
-59
What is (-2265 - -2308) + 2 + -117?
-72
What is -31 + (55 - 1 - (-224 - -239))?
8
Calculate (3501 - 3656) + -1 + 95.
-61
What is ((3 - 3) + -2 - -44) + 1194 + -1198?
38
What is (113 + -43 - 56) + -31?
-17
What is -56 + 26 - ((-16 - -20) + -6)?
-28
Evaluate (16 - 4) + (4 - (-2 - -20)) + -29.
-31
What is the value of 66 + (-53 - 3) + -31?
-21
Evaluate -1 - 9 - (17 + (-55 - (-13 - -17)) - -21).
11
Calculate (1 - 58) + 6 + 